-72)).
2, 3, 13, 29
Suppose -5*i + 170 = -5*j, 5*i - j + 13 = 167. Let c = -31 + 33. Suppose c*k - i = -k. List the prime factors of k.
2, 5
List the prime factors of ((-2)/1)/(30/(-7635)).
509
Suppose 13 = -4*i + 125. Let z = -18 + i. Let b = z + -4. List the prime factors of b.
2, 3
Let i(h) = -6*h**3 - h - 1. Let f be i(-1). Let d be f/15 - (-40)/25. List the prime factors of d - (-15 - -3 - -1).
13
Let o(b) be the third derivative of b**5/60 + b**4/12 - 2*b**3/3 + b**2. Let x be o(-4). Suppose -x*s + 12 = -2*s. List the prime factors of s.
2, 3
Let a(f) = 2*f**3 + 12*f**2 - 87*f - 18. List the prime factors of a(9).
3, 181
Let d(y) = y**3 + 2*y**2 - 3*y + 351. List the prime factors of d(0).
3, 13
Let q = 38 - -14. Let j be 1*2/(-2)*24. Let c = q + j. List the prime factors of c.
2, 7
Suppose -4*r = -9 - 11. Suppose -r*i = -8*i. Suppose i*b - 2*b + 10 = 0. What are the prime factors of b?
5
Let i(r) be the second derivative of -r**3/2 - 5*r**2 - 3*r. Let o be i(-5). Suppose 0*f = -f + o*k + 77, -f + 65 = -2*k. List the prime factors of f.
3, 19
Suppose -11090 = -5*b + 5*d, 4*d - 2150 = -3*b + 4532. List the prime factors of b.
2, 11, 101
List the prime factors of 1 - 5*((-9072)/(-30))/(-7).
7, 31
Suppose -q = -0*q - 460. Suppose 7*j + 138 = q. List the prime factors of j.
2, 23
Suppose -4*z + 0*k = k - 11, 0 = 4*z + 5*k + 9. Suppose 28 = z*f - 264. Let n = f - 41. What are the prime factors of n?
2
Suppose -2*m = -m + 4, 52 = -4*i - 2*m. List the prime factors of (-2)/i + (-6654)/(-66).
101
Suppose 9*b - 8*b - 553 = 0. Suppose 8*q - q = b. What are the prime factors of q?
79
Suppose -33 = -6*v + 3*v. Suppose v = 5*w + 1. Suppose -1 = c + 4*j, -4*j + w*j - 8 = 0. List the prime factors of c.
3, 5
Suppose 2*m - 1053 = -5*k, -33*m - 3*k = -28*m - 2604. What are the prime factors of m?
3, 173
Let j be (-3)/7 - 5/(280/1712). Let f = j - -84. List the prime factors of f.
53
Suppose -a - i = -1, 0*a - 4*a - i = -16. Suppose d - 5 = a. What are the prime factors of d?
2, 5
Suppose -2*u = 2*u + 12. Suppose 3*b = -2*o - 18, 39 = -2*o + 4*b + 7. List the prime factors of (-184)/o - 2/u.
2
Let r(p) = -p**2 + 34*p - 37. Let j be r(7). Let c be 2/3*21*1. What are the prime factors of (-1)/(-7) + j/c?
11
Let u(d) = 41*d**2 + 8*d - 4. Let x be (-1 - 14/(-18))*(-36 - -27). What are the prime factors of u(x)?
2, 11
Suppose 3*k = 8*k - 430. List the prime factors of (5 + 0)*(k/10 + 1).
2, 3
Suppose -2*d = -3*d + 12. Let n(q) = 6 + 0*q**2 - 13*q + d*q**2 - 4*q**2 - q**3 + 6*q**2. What are the prime factors of n(13)?
2, 3
Suppose 2*u + 3698 = 2*c, -27*c = -23*c + 5*u - 7387. What are the prime factors of c?
2, 3, 7, 11
Let d = 10 - 10. Suppose -2*w - 8 - 4 = d. What are the prime factors of ((-78)/4)/(w/8)?
2, 13
Let o(d) = -d**3 - 33*d**2 - 6*d - 62. What are the prime factors of o(-33)?
2, 17
Let q(g) = 1. Let t(c) = -c**2 + 4. Let b(v) = 17*q(v) - 6*t(v). Let d(r) be the first derivative of b(r). What are the prime factors of d(3)?
2, 3
Suppose 0 = w - 10 - 30. Let m = w + -17. Suppose 262 = 4*p + 2*o, -4*p - m = o - 288. List the prime factors of p.
67
Let m(j) = 2*j + 1. Let w be m(1). Suppose 33 = -w*x + 327. What are the prime factors of x?
2, 7
What are the prime factors of (-7)/((-18)/1620 + (-1)/10)?
3, 7
List the prime factors of 692 + (-5 - (-1 + -7)).
5, 139
List the prime factors of (-7)/((1 - -1)/((-142)/1)).
7, 71
Suppose -3*j - 3*u + 288 = 0, 180 = 2*j + 3*u - 5*u. What are the prime factors of (0 - j/6)*-2?
31
Let w = -186 - -1822. What are the prime factors of w?
2, 409
Let g be (1 + 1)/(2/69). Suppose -5*r = 4*h - 63, 0 = -0*r + 5*r + 2*h - g. Let p = r - -7. What are the prime factors of p?
2, 11
Let g = -1999 + 3502. List the prime factors of g.
3, 167
Suppose 12*m - 6*m = 1284. Suppose -3*v = w + 2*v - 230, 3*v = w - m. List the prime factors of w.
2, 5, 11
Suppose -y = 5*j - 1324, 2*y + 64 = j - 192. List the prime factors of (-3 - -1)/(2 + j/(-130)).
5, 13
Suppose 2*n - 145 = j, -3*n + 3*j + 242 = 32. Let w = -36 + n. What are the prime factors of w?
3, 13
Let x(w) = 4*w - 18. Let p(q) = 4*q - 21. Let a be p(7). What are the prime factors of x(a)?
2, 5
List the prime factors of (-174108)/(-56) + 10/(-140).
3109
Let x = 182 - 123. List the prime factors of x.
59
Let r be ((5/(-10))/(-1))/((-2)/(-16)). Suppose 5*l + r*k = 493, 0 = 2*l - 3*l + k + 95. List the prime factors of l.
97
Let k(b) = 22*b + 169. What are the prime factors of k(33)?
5, 179
Let b(q) be the third derivative of q**4/24 + 3*q**3 - 6*q**2. What are the prime factors of b(-10)?
2
Let x(j) = j**2 - j - 2. Let n be x(4). Suppose 7*o + 147 = n*o. Suppose o = k - w + 5*w, 4*w = 3*k - 131. List the prime factors of k.
3, 5
Let l = -71 - -48. Let g = l - -47. Suppose 4 = -4*c + g. What are the prime factors of c?
5
Suppose 0*a - 4*a = 0. Let u(v) be the third derivative of v**4/12 + 5*v**3/2 + 2*v**2 - 5*v. List the prime factors of u(a).
3, 5
Suppose 8*a - 3*a = 5*q - 10, 10 = q - 5*a. Suppose -2*p + 372 - 26 = q. What are the prime factors of p?
173
Let l(s) = s**2 + 8*s - 3. Let v(k) = -2*k**2 - 5*k + 3. Let p be v(-4). Let z be l(p). Suppose z*x - 3*x = 69. What are the prime factors of x?
23
Let i = -9 - -11. Let o = 49 + -26. List the prime factors of o - -6*i/(-3).
19
Let h(j) = -j**2 - 8*j - 9. Let x be h(-5). Suppose 3*o - 2*u = x*o + 154, 3*o - u = -166. Let y = o - -83. List the prime factors of y.
29
Let f = -10 + 13. Let d be (5 + -2)/3*2. Suppose 4*z = f*p - 4*p + 5, z = d*p - 19. List the prime factors of p.
3
Let p = 1447 + -948. Let y = p - 227. What are the prime factors of y?
2, 17
Suppose 7*c - 27 = 4*c. Suppose -11*y = -c*y - 248. What are the prime factors of y?
2, 31
Let h(j) = j + 26. Let z be h(-21). Suppose 0*u + 2*u - t = 24, 0 = -z*u + 3*t + 60. What are the prime factors of u?
2, 3
Let p(x) = 4*x**2 + 9*x + 34. What are the prime factors of p(-7)?
167
Let o(r) = -1 + 2*r + 0 + 0 + 5. Let v be o(2). Suppose v*x = 5*x + 72. What are the prime factors of x?
2, 3
Suppose -5*l + 0*l = 0. Suppose l = -16*u + 15*u + 16. What are the prime factors of u?
2
Let m(a) = a**3 + 2*a - 3. Let o be m(2). Let n = 31 - o. List the prime factors of n.
2, 11
Suppose -4*h = -5*c + 2700, 4*h + 5 + 15 = 0. List the prime factors of c.
2, 67
Let g(p) = -253*p + 1. List the prime factors of g(-2).
3, 13
Let k = 3025 - 2146. List the prime factors of k.
3, 293
Suppose 15*l - 10616 - 13189 = 0. List the prime factors of l.
3, 23
Let n = 5 - -28. Let s = n - 29. Suppose -100 = -5*a + 3*q - 10, -2*a + s*q + 36 = 0. List the prime factors of a.
2, 3
Let v(y) = y**3 - 16*y**2 + 19*y - 87. List the prime factors of v(17).
3, 5, 7
Let h = 685 + -548. List the prime factors of h.
137
Let b(u) = -4*u**3 - 3*u**2 + u + 2. Let p be b(-1). Suppose p*r - 327 = 275. List the prime factors of r.
7, 43
Let t be (4 - 3) + -26 + 1. What are the prime factors of ((-30)/t + -2)/(2/(-8))?
3
Let i(b) = -b**3 + 29*b**2 - 84*b + 117. What are the prime factors of i(24)?
3, 109
Let d = -1 + 3. Suppose 6 + 3 = -4*k + 3*c, c - d = k. List the prime factors of (153/(-6))/(k/6).
3, 17
Suppose 2*m - 5*t - 16 = 3*m, 2*t - 65 = 3*m. Let n = m - -24. Suppose n*a - 64 - 26 = 0. What are the prime factors of a?
2, 3, 5
Let p(n) = 33*n - 14. Let z(v) = -4*v + 4. Let o be z(0). List the prime factors of p(o).
2, 59
Let c(h) = 0*h**2 - 3*h**2 + 2*h**2 - 4*h. Let z be c(-3). Suppose z*t - 11 + 4 = -g, 0 = -3*t - 3. List the prime factors of g.
2, 5
Let c = -15 - -21. Let z be (-84)/(-9) - 2/c. Suppose 3*b - 24 = z. List the prime factors of b.
11
Suppose 4*s - 8 = 3*t - 42, 5*t = -3*s + 105. Let l = 132 + t. List the prime factors of l.
2, 3, 5
Let f(m) = -m**3 - 4*m**2 + 12*m - 34. What are the prime factors of f(-7)?
29
Suppose -92 = 4*u - 9*u - 2*x, -2*u + 24 = 4*x. Let h be 2/(4/u*-2). What are the prime factors of (-45)/(-6)*(-4)/h?
2, 3
Let k(g) = -3*g**2 - 2*g. Let d be k(7). Let f = -82 - d. What are the prime factors of f?
79
Let y = 25 - 21. Suppose 0 = 2*j + 5*a - 31, 7*j - 3*j = y*a + 104. Suppose k - 8 = j. List the prime factors of k.
31
Suppose 18558 = 3*t - y - 4*y, -2*y = -4*t + 24758. What are the prime factors of t?
41, 151
Suppose -2*g + 0*m + 61 = 5*m, -181 = -5*g - 3*m. List the prim